 1 = -2*r - 9, j*r - 5 = c. What is the units digit of c?
3
What is the hundreds digit of ((-3)/2)/3*(-15 + -187)?
1
Let t = -5 + 11. Suppose t*x - 3*x = 3. What is the units digit of x?
1
Let q(d) = d**2 - 5*d + 4. What is the units digit of q(0)?
4
Suppose 3*w - 3*s = -3, 0 = w - 6*w - 5*s - 15. Let o = 3 + w. Suppose 2*j - 9 = -3*z, j - 5*z = -z - o. What is the units digit of j?
3
Let r(n) = -3*n**2 - n - 3*n**2 + 9 + n**2 + 6*n**2. What is the units digit of r(0)?
9
Let r = -60 - -103. What is the tens digit of r?
4
Let j(y) = -y**3 + 25. Let k(o) = -o - 4. Let b be k(-4). What is the tens digit of j(b)?
2
What is the units digit of 4/(-22) - 1460/(-44)?
3
Let p(r) = r - 3. Let j be p(3). Let x(d) = d + 8. What is the units digit of x(j)?
8
Suppose 0 = -5*d - 5*i + 3*i - 11, i + 7 = -3*d. Let p = -5 - d. What is the units digit of -8*p*(-1)/(-2)?
8
Suppose -3*i + 0 + 15 = 0. Let x = i + 13. What is the units digit of x + -4 + 3 + -1?
6
Let f(i) = 2*i**2 - i. Let j(y) = -y - 6. Let w be j(-8). Let v be f(w). What is the units digit of ((-8)/v)/(12/(-18))?
2
Suppose 0*w = 3*w. Let c be w - (1 + (-4)/2). What is the units digit of (0 - -2) + c/(-1)?
1
Let n(d) = -d**2 - 5*d - 3. Let h be n(-2). Suppose -h*o - 10 = 2*o. Let l = 11 + o. What is the units digit of l?
9
Let t(q) = -2*q**2 + 17*q - 3. Let h(z) = z**2 - 9*z + 2. Let k(c) = -7*h(c) - 3*t(c). What is the units digit of k(11)?
6
Suppose 5*z + d + 0*d - 8 = 0, -3*z + 5*d = 12. Let b = 1 + z. Suppose -5*i - 32 = 2*k - 11, -b*i - 10 = 0. What is the units digit of k?
2
What is the tens digit of 2/7 - 725/(-35)?
2
Let v(b) = 2*b + 1. Let i = 6 - 7. Let q be v(i). Let l = 3 + q. What is the units digit of l?
2
Let w(d) = -d**2 + d + 1. Let k(v) = v**3 - 9*v**2 + 9*v - 8. Let h be k(8). What is the units digit of w(h)?
1
Let k(g) = -g**3 + 3*g + 60. What is the units digit of k(0)?
0
Let m = -33 - -86. What is the units digit of m?
3
Let k(b) = 0*b**2 - 1 - 2*b**2 - b + 2*b + 4*b**2. What is the units digit of k(1)?
2
Suppose -4*g + 2*g + 76 = 0. What is the units digit of g?
8
Let v(r) = 4*r**3 - 4*r**2 - 3*r - 6. Let u(i) = -i**3 + 1. Suppose -1 + 6 = -k. Let q(a) = k*u(a) - v(a). What is the units digit of q(-2)?
3
Let v = -12 - -7. Let m be (-4)/(-14) - 36/28. Let k = m - v. What is the units digit of k?
4
Let o(r) = -33*r - 1. What is the units digit of o(-2)?
5
Let h(s) = 164*s**2 + 6*s + 7. What is the tens digit of h(-1)?
6
Let y be (-2)/(-4)*20/2. Suppose -37 = -y*a + 83. What is the units digit of a?
4
Suppose 4*k - 213 = -3*t, -4*k + 6*t = 2*t - 248. What is the tens digit of k?
5
Suppose -r - 3*r - 5*g = -958, -705 = -3*r + 3*g. What is the tens digit of r?
3
Suppose o = -0*o + 10. Let v be (-2)/4*o*-1. Suppose -5*m + 0 + v = 0. What is the units digit of m?
1
Suppose -5*y + 0*n + 120 = 3*n, 2*y + 5*n - 48 = 0. Suppose 3*w = 7*w - y. What is the units digit of w?
6
Suppose 0 = -v + 8 + 20. Suppose -2*q + v - 4 = 0. What is the tens digit of q?
1
Let s = -23 + 54. Suppose 2*u - 13 - s = 0. What is the tens digit of u?
2
Suppose 2*d + 3 + 1 = 0. Let x = d - -18. Suppose y + 4 - x = 0. What is the units digit of y?
2
Let m(q) = 3*q**2 - 7. What is the tens digit of m(-4)?
4
Suppose -37 = -3*x - 3*d + 4*d, -5*x = -d - 59. What is the units digit of x?
1
Suppose 3*l - 3 - 3 = 0. Let j = l + 6. Let w = j + 2. What is the tens digit of w?
1
Let h(d) = 0*d**2 + 3 + 3*d**2 + 4*d + d**2. What is the units digit of h(-2)?
1
Suppose 0 = l + 5*f - 160, 2*l + 3*f - 31 = 261. What is the units digit of l?
0
Let y be 34 + 1 + 0/(-1). Suppose y - 4 = j - 5*o, -4*o = -j + 27. What is the units digit of j?
1
Suppose 5 - 2 = g. Suppose 0 = g*q + q - 20. Suppose -3 - 27 = -q*b. What is the units digit of b?
6
Let o(j) = 3 + j + 3*j - 5*j + 8. Let s be o(9). What is the units digit of (s/(0 + -2))/(-1)?
1
Suppose -4*s = -4, 0 = -3*j - 5*s + 233 + 225. What is the tens digit of j?
5
Let g(s) = 3*s**2 - 2. Let b be g(2). Let i be -8 - -6 - (1 - b). Let n = -3 + i. What is the units digit of n?
4
Suppose 0*y = -5*y + 85. What is the tens digit of y?
1
Suppose 0*m + 3*m = 57. Suppose -d - m = -6. Let v = 18 + d. What is the units digit of v?
5
What is the hundreds digit of -1*2/(4/362*-1)?
1
Let y(c) = -c**2 + 5*c + 4. Suppose 0*m + 20 = 4*m. Let z be y(m). Suppose -z*q = -3*q - 12. What is the units digit of q?
2
Let d = 88 - -88. What is the tens digit of d?
7
Let o(f) = f**3 - 7*f**2 + 8*f + 1. Suppose -2*j = 10, 0*l + 4*l - 53 = 5*j. Let b = l + -1. What is the units digit of o(b)?
3
Suppose 0 = x + x - 120. What is the tens digit of x?
6
Suppose 4*l + 103 - 339 = -5*p, -143 = -3*p - l. Suppose 0 = 4*u - p. What is the tens digit of u?
1
What is the tens digit of (3 - (0 + 4)) + 11?
1
Let u(x) = 2*x + 57. What is the units digit of u(0)?
7
Let x = -16 + 23. Let s = x - 2. Suppose a - s*i = 4*a - 67, -5*i = -4*a + 66. What is the units digit of a?
9
Suppose 74 + 74 = 4*z. Suppose -38 = 5*b + z. What is the units digit of b/(-3) - -1 - 1?
5
Let a be ((-1)/2)/((-16)/416). Let y = 21 - a. What is the units digit of y?
8
Suppose -4*y = s + 16, 0 = s - 3*s + 4*y + 16. Suppose -2*h = -8, s = 4*g + h + 4*h - 44. What is the units digit of g?
6
Let h be (-3)/(-5) + 7/5. Suppose 5*z - 44 = -h*q, -68 - 12 = -5*q - 5*z. What is the tens digit of q?
1
Let w = 112 + -79. What is the units digit of w?
3
Suppose 4*a - 4*p - 116 = 0, 0*p - 29 = -a - 4*p. Let z = 45 - a. What is the tens digit of z?
1
Suppose 2*f = 5*f. Suppose 4*c + 4 - 36 = f. Let x = c + -5. What is the units digit of x?
3
Let z be ((-27)/18)/(1/(-16)). Suppose b = 2*v + 6*b - z, -5*v = -2*b - 31. What is the units digit of v?
7
Suppose 9 + 29 = 2*i. Let k(g) = g + 9. Let a be k(-7). What is the tens digit of (0 - (3 - a)) + i?
1
Suppose -b - 7 + 8 = 0. Suppose -5*n - 9 = -79. Let f = n - b. What is the tens digit of f?
1
Suppose -4*a - 2*k - 10 + 36 = 0, 3*a = 4*k + 25. What is the units digit of a?
7
Suppose -6 + 2 = -2*t, 0 = 4*f - 3*t - 2. Let d(l) = 2*l - 2. Let p be d(f). Suppose -p*z - 55 = -5*k, -34 = -3*k - 0*z + z. What is the tens digit of k?
1
Suppose -5*j + 32 = -j. What is the units digit of j?
8
Let o(m) = -m**3 + 7*m**2 + m - 7. Let y be o(7). What is the units digit of (-102)/(-8)*(4 + y)?
1
Let f(s) = -5*s - 2. Let g be f(-1). Suppose 0 = 3*o - 4*o + g. What is the units digit of o?
3
Let a = 3 - -1. Suppose 4*n + 2*s - 56 = 0, -a*n + s = -46 - 10. What is the units digit of n?
4
Let n(d) = 4*d - 12. Let f be n(9). Let w = 3 + -1. Suppose -w*p + 5*p = f. What is the units digit of p?
8
Let g = 6 - 1. Suppose -v - 8 = -g*v. What is the units digit of (-1)/v + (-12)/(-8)?
1
Suppose -k - 10 = -0*k + 4*j, 4*k + j - 5 = 0. Suppose -w - 4*t + 8 + 7 = 0, -25 = -3*w - k*t. What is the units digit of w?
7
Let t = 143 - 129. What is the tens digit of t?
1
What is the units digit of 9/(-3) + 3 - -22?
2
What is the hundreds digit of 356/((-1)/(-3) - 4/(-6))?
3
Suppose 5*s - 7 = 3. Let z be (-2)/7 + 32/14. Suppose 0 = s*x - z*k - 22, 3*x - k - 17 = 12. What is the units digit of x?
9
What is the hundreds digit of 248/2 + 1 + -1 + -3?
1
Suppose 4 = 4*w, w = -0*r - r + 112. What is the units digit of r?
1
Suppose 2*q = 4*w - 62, -2*q + 4*q = -5*w + 64. What is the tens digit of w?
1
Suppose -42 - 36 = 3*t. Let h = t - -44. What is the tens digit of h?
1
Suppose 0 = 2*t - 13*t + 1859. What is the hundreds digit of t?
1
Suppose -5*c - 35 = -2*p, 2*c = -p - p - 28. What is the units digit of (c/6)/(1/(-18))?
7
Let g(l) = 11*l**3 + 2*l**2 - 2*l - 3. What is the units digit of g(2)?
9
Let q(m) = -6*m - 18. What is the units digit of q(-5)?
2
Suppose 3*c = 3*o + 153, 5*o - 11 = 9. Let m = 91 - c. What is the tens digit of m?
3
Suppose j - 5*j + 12 = 0. What is the units digit of (-2)/(-6)*(j + 0)?
1
Let l be (-4)/10 + 22/5. Suppose z = 5*z - l*k + 12, 0 = 2*z + 2*k - 2. What is the units digit of (-2 - 1/z) + 5?
4
Let k(r) = r**3 - 4*r**2 + 4*r + 1. Let i(x) = -x**3 - 4*x**2 - 5*x - 2. Let j be i(-3). What is the tens digit of k(j)?
1
Let r(q) = -q**3 - 8*q**2 + 9*q + 2. Let w be r(-9). Let l = 8 + w. What is the units digit of l?
0
What is the units digit of (2 + -8)*(-136)/16?
1
What is the units digit of 2/(-3)*4*(1 + -28)?
2
Suppose 0 = -3*d